Select a Year or Month report
Report for 2020 Oct
MONTHLY CLIMATOLOGICAL SUMMARY for OCT. 2020
NAME: Selakano Weather Station CITY: Selakano STATE:
ELEV: 880 m LAT: 35 05' 32" N LONG: 25 32' 33" E
TEMPERATURE (C), RAIN (mm), WIND SPEED (km/hr)
HEAT COOL AVG
MEAN DEG DEG WIND DOM
DAY TEMP HIGH TIME LOW TIME DAYS DAYS RAIN SPEED HIGH TIME DIR
------------------------------------------------------------------------------------
1 16.3 23.1 13:30 10.8 7:20 2.9 0.8 0.0 1.0 19.3 14:50 ENE
2 16.2 22.8 16:20 10.8 7:20 2.9 0.8 0.0 0.6 12.9 13:00 SSE
3 19.8 25.2 22:30 14.6 4:10 1.1 2.6 0.0 1.4 17.7 13:40 ENE
4 24.7 31.1 15:10 17.2 7:10 0.0 6.4 0.0 1.8 29.0 14:40 NW
5 24.9 31.5 12:20 20.3 5:50 0.0 6.6 0.0 1.1 12.9 12:00 ENE
6 24.7 32.2 13:40 19.8 4:10 0.0 6.4 0.0 1.4 17.7 13:50 NW
7 24.3 31.5 12:50 19.7 23:20 0.0 6.0 0.0 1.4 16.1 9:50 NW
8 22.7 29.7 13:00 15.9 22:50 0.2 4.7 0.0 2.6 29.0 10:50 ENE
9 17.1 21.9 11:50 13.2 7:30 1.8 0.6 0.0 1.1 19.3 14:00 ENE
10 16.1 22.6 13:00 10.6 7:20 3.0 0.8 0.0 1.1 20.9 15:30 SSE
11 16.0 22.3 13:30 11.0 5:50 3.0 0.8 0.0 1.0 20.9 11:30 SSE
12 15.9 21.3 11:40 11.9 5:00 2.7 0.3 0.0 0.5 16.1 12:30 ENE
13 17.7 25.0 13:50 13.4 1:10 1.8 1.2 0.2 2.1 25.7 14:20 ENE
14 16.0 21.5 12:50 11.2 5:10 2.8 0.5 0.0 1.0 20.9 14:10 E
15 15.3 21.2 14:50 9.5 7:40 3.5 0.5 0.0 1.3 17.7 14:00 ENE
16 18.0 24.0 00:00 11.1 2:00 1.8 1.5 0.0 1.8 17.7 11:50 ENE
17 22.9 27.3 11:30 18.4 7:40 0.0 4.6 0.0 2.7 35.4 22:50 ENE
18 23.4 27.2 13:30 19.7 6:50 0.0 5.1 0.0 4.7 35.4 18:20 SSW
19 17.4 23.0 13:30 13.7 00:00 1.4 0.5 16.2 1.4 22.5 15:30 ENE
20 13.2 16.0 15:50 11.3 6:10 5.1 0.0 7.6 1.4 35.4 22:10 ENE
21 14.0 18.4 11:20 10.0 00:00 4.3 0.0 0.6 1.6 33.8 6:10 ENE
22 11.9 18.8 11:50 9.1 4:30 6.4 0.0 13.2 0.5 16.1 12:20 ENE
23 13.8 19.5 14:10 9.1 0:50 4.6 0.1 0.0 3.5 30.6 9:30 ENE
24 17.6 22.5 12:20 11.3 0:40 1.7 1.0 0.0 3.4 24.1 4:10 ENE
25 16.3 22.8 14:10 11.7 00:00 3.2 1.2 0.0 0.8 14.5 12:50 E
26 14.4 19.8 10:50 10.8 5:00 4.0 0.1 0.0 0.2 17.7 10:40 SSE
27 13.3 19.4 13:40 9.2 5:40 5.0 0.1 0.2 0.5 11.3 10:40 E
28 13.1 15.6 7:40 10.2 3:20 5.2 0.0 34.2 5.5 45.1 19:30 SSW
29 13.6 18.6 15:10 10.1 00:00 4.7 0.0 4.2 2.4 43.5 3:10 ENE
30 13.2 18.4 13:20 9.5 3:00 5.1 0.0 0.4 0.5 9.7 10:20 WNW
31 13.0 19.0 12:50 8.1 00:00 5.3 0.0 0.0 2.3 32.2 8:20 E
-------------------------------------------------------------------------------------
17.3 32.2 6 8.1 31 83.8 53.2 76.8 1.7 45.1 28 ENE
Max >= 32.0: 1
Max <= 0.0: 0
Min <= 0.0: 0
Min <= -18.0: 0
Max Rain: 34.19 ON 28/10/20
Days of Rain: 9 (> .2 mm) 5 (> 2 mm) 1 (> 20 mm)
Heat Base: 18.3 Cool Base: 18.3 Method: Integration