NOAA Reports/Αναφορές NOAA

Select a Year or Month report
2021 > Jan Feb Mar Apr May Jun Jul Aug Sep Oct Nov Dec
2020 > Jan Feb Mar Apr May Jun Jul Aug Sep Oct Nov Dec
2019 > Jan Feb Mar Apr May Jun Jul Aug Sep Oct Nov Dec
2018 > Jan Feb Mar Apr May Jun Jul Aug Sep Oct Nov Dec
2017 > Jan Feb Mar Apr May Jun Jul Aug Sep Oct Nov Dec
2016 > Jan Feb Mar Apr May Jun Jul Aug Sep Oct Nov Dec
2015 > Jan Feb Mar Apr May Jun Jul Aug Sep Oct Nov Dec

Report for 2021 04
                   MONTHLY CLIMATOLOGICAL SUMMARY for APR. 2021

NAME: Selakano Weather Station   CITY: Selakano   STATE:  
ELEV:   880 m  LAT:  35 05' 32" N  LONG:  25 32' 33" E

                   TEMPERATURE (C), RAIN  (mm), WIND SPEED (km/hr)

                                      HEAT  COOL        AVG
    MEAN                              DEG   DEG         WIND                 DOM
DAY TEMP  HIGH   TIME   LOW    TIME   DAYS  DAYS  RAIN  SPEED HIGH   TIME    DIR
------------------------------------------------------------------------------------
 1   4.2   6.9   15:00   1.2   19:10  14.1   0.0  29.0   5.6  48.3   23:10   ENE
 2   7.4  13.8   12:10   1.1    4:50  10.8   0.0   0.0   2.6  35.4    0:30    NW
 3   9.1  15.3   12:50   3.8    6:50   9.2   0.0   0.0   2.6  25.7   13:10    NW
 4  13.6  22.1   14:40   5.4    0:10   5.1   0.4   0.0   4.5  40.2   19:20   WSW
 5  17.4  20.9   12:20  13.1   23:50   1.2   0.3   0.0   8.7  53.1   10:50   WSW
 6  15.5  20.4   16:00   8.1   23:50   3.0   0.2   0.0   6.3  45.1   17:00   WSW
 7  10.3  14.6   11:20   4.9    7:10   8.0   0.0   0.0   2.4  17.7   13:20    NW
 8  11.8  19.1   13:10   5.7    2:20   6.5   0.0   0.4   4.2  46.7   22:50   ENE
 9   4.6   6.4    0:10   3.2    7:10  13.8   0.0   2.8  15.3  69.2   18:50   ENE
10   5.5   8.3   15:50   2.9    6:40  12.8   0.0   0.0   9.0  61.2    1:40     W
11   8.7  12.8   15:30   3.2    6:10   9.7   0.0   0.0   6.1  41.8   23:30   ENE
12   9.7  13.6    9:30   7.8    5:50   3.4   0.0   0.0   6.3  45.1    0:10   ENE
13
14
15
16
17
18
19
20
21
22
23
24
25
26
27
28
29
30
-------------------------------------------------------------------------------------
     9.8  22.1     4     1.1     2    97.4   0.9  32.2   6.1  69.2     9     ENE

Max >=  32.0:  0
Max <=   0.0:  0
Min <=   0.0:  0
Min <= -18.0:  0
Max Rain: 29.01 ON 01/04/21
Days of Rain: 3 (> .2 mm) 2 (> 2 mm) 1 (> 20 mm)
Heat Base:  18.3  Cool Base:  18.3  Method: Integration